f o(5).
13
Suppose b = -3*b + 16. Let g be 10/b + 5/10. Suppose i + 2*w = -3*w - 5, g*w = i - 19. What are the prime factors of i?
2, 5
Let w = 0 - 8. Let y = 17 + w. List the prime factors of y.
3
Suppose 9 = 5*n + 2*t - 32, -10 = 5*t. Let p(o) be the second derivative of -o**4/12 + 5*o**3/3 + 3*o**2/2 + 6*o. What are the prime factors of p(n)?
2, 3
List the prime factors of (-2)/(1/84*-2).
2, 3, 7
Let k(u) = -u**3 - 8*u**2 - 8*u - 8. What are the prime factors of k(-8)?
2, 7
Suppose -4*t - 4*p + 2*p + 202 = 0, -2*p - 248 = -5*t. What are the prime factors of t?
2, 5
Let x(j) be the first derivative of -j**4/4 - 2*j**3/3 + 3*j**2/2 - 3. Let l be x(-3). Suppose -r - 2*i = l, 74 = 3*r - 5*i + 30. List the prime factors of r.
2
Let r be (-4 - -7) + -3 + 22. Suppose 0 = 3*s - 2*s - r. List the prime factors of s.
2, 11
Suppose q + m - 1768 = -2*q, 2*q = 2*m + 1184. Let o be (-6)/(-27) - q/(-18). Suppose -f - o = -4*f - 5*c, 4*c = 0. What are the prime factors of f?
11
Let y(v) = 133*v - 2. List the prime factors of y(2).
2, 3, 11
Suppose 2*f - 6 = -0*f. Suppose g - 3*g = 5*i - 24, f*i - 9 = -3*g. List the prime factors of i.
2, 3
Let h(c) = -c + 53. List the prime factors of h(-18).
71
Let t(n) = 2*n**2 - 5*n - 3. Suppose -40 = 2*i - 6*i. Suppose i = 3*s - 2. What are the prime factors of t(s)?
3
Suppose h = -2*a, -4*h = -0*h - 4*a. List the prime factors of (-2 + -5)*(-1 + h).
7
Let i(o) = -4 - 5 + o**2 + 5*o + 0*o. Let h be i(-9). List the prime factors of (h/(-12))/((-6)/16).
2, 3
Suppose 5*u - 1048 = -4*c, 2*c + 3*c - 4*u = 1269. What are the prime factors of c?
257
Suppose -162 = -3*c + 5*w, 108 = c + c - 5*w. What are the prime factors of c?
2, 3
What are the prime factors of ((-44)/(-12) - 4)/(2/(-438))?
73
Suppose -7*v = -3*v - 20. List the prime factors of (-18)/(-45) + 193/v.
3, 13
Let z(c) = 9*c**3 - 2*c**2 - c - 4. What are the prime factors of z(2)?
2, 29
Let n(s) = -s**2 + 7*s - 1. Suppose 3*o = -4*m + 22, -3*m + 6*o + 2 = o. Suppose 0 = i - m - 2. List the prime factors of n(i).
5
Suppose -3*w = -w + 2. Let l = 1 + w. Suppose -o + 7 - 3 = l. What are the prime factors of o?
2
Suppose 1010 = 5*x - 110. What are the prime factors of x?
2, 7
Let s = -2 - -4. Suppose 2*j - 32 = -s*j. List the prime factors of j.
2
Let o = 78 - 33. Suppose 0*g = 5*g - o. What are the prime factors of g?
3
Suppose -19 - 17 = -3*x. Suppose -3*o + x = -3. Suppose -5*i + 52 = q, -q = 4*i - o*q - 32. What are the prime factors of i?
2, 5
Suppose 445 = 5*o + 125. List the prime factors of o.
2
Let r(k) be the second derivative of k**4/12 + k**3/2 - 7*k**2/2 + 3*k. Let z = -2 + -3. List the prime factors of r(z).
3
Let s(q) = 3*q - 4. Let u be s(6). Let y = u + -7. What are the prime factors of y?
7
Let x be (-16)/(-3)*(-27)/(-12). Let n = -30 - -34. List the prime factors of n*-1*(-15)/x.
5
Let l(j) be the first derivative of 0*j - 3 - 5/2*j**2. What are the prime factors of l(-2)?
2, 5
Suppose y - 175 = -4*y. Let z = 50 - y. What are the prime factors of z?
3, 5
Let i(z) = z**3 + z**2 - z + 40. What are the prime factors of i(0)?
2, 5
Let k(p) = 2*p**2 - p + 1. Let w be k(1). Suppose 2*r - 3*u = 2, 3*r - 2*r - 11 = -u. Suppose -w*s + r + 1 = 0. List the prime factors of s.
2
Suppose 1 + 173 = 4*t - 5*p, -t - 5*p = -31. List the prime factors of t.
41
Suppose -5*c - 57 = -2*c - 3*w, 3*c + 53 = 5*w. Let y = -12 - c. Suppose -4*m = -15 - y. What are the prime factors of m?
2, 3
List the prime factors of (-13)/(-2) + 2/4.
7
Let p(z) = -7*z**3 - 3*z**2 - 2*z - 2. What are the prime factors of p(-2)?
2, 23
Let p be (-12)/(-4)*(-43)/(-3). Suppose -c + p = -0*c. Suppose -a - 23 = -2*j, -3*j - j = -5*a - c. What are the prime factors of j?
2, 3
Let r(b) = -11*b - 2. What are the prime factors of r(-2)?
2, 5
What are the prime factors of 9*8 + 6/(-2 + 4)?
3, 5
List the prime factors of (-6)/10*(-13 - 2).
3
Let k(p) = -31*p**3 - p**2 - 3*p - 5. What are the prime factors of k(-2)?
5, 7
Let t be 84/15 - (-4)/10. Suppose 6 = -0*a + 2*a. Let c = t + a. List the prime factors of c.
3
Suppose 6*k - 16 = 2*k. Suppose -k*l = -5*l + 5. List the prime factors of l.
5
Let q be -12*1/(-3 - 0). Suppose -q*j + 69 = -19. Suppose -i = -3*i + j. What are the prime factors of i?
11
Let o = 4 - 0. Suppose 0 = -u + o + 4. What are the prime factors of u?
2
Suppose 5*w + 3*u = 55, -26 = 5*u - 1. What are the prime factors of w?
2, 7
Suppose 105 = i + 3*y - 0*y, 5*i - 544 = 4*y. List the prime factors of i.
2, 3
Suppose 0 = -o + 5 + 3. Let q be (-4)/14*(1 - o). Suppose -p - 2*t + 7 = t, -q*p + 17 = 5*t. List the prime factors of p.
2
Suppose 0 = -3*d + 9 + 9. What are the prime factors of d?
2, 3
What are the prime factors of (-5 - -8) + 1*36?
3, 13
What are the prime factors of (5 - 485)*(-4)/6?
2, 5
Suppose -5*q + 34 = -51. List the prime factors of q.
17
Suppose 2*w + 6 + 2 = 0. Let l = w + 7. What are the prime factors of l?
3
Let h = 47 + -11. List the prime factors of h.
2, 3
Suppose 0 = 3*t + 2*t - 3*c + 21, 8 = 4*c. Suppose 0*p - 5*p + 40 = 0. Let d = p + t. What are the prime factors of d?
5
Suppose 4*d = 1 + 171. What are the prime factors of d?
43
Suppose 16 = 5*d + 4*v, -5*v + 26 = 6. Suppose 4*b = 4*q + 56, d = -q + 1 - 6. What are the prime factors of b?
3
List the prime factors of 3/2*(-68)/(-6).
17
List the prime factors of (-198)/77*7/(-1).
2, 3
Let f(s) = 3*s**2 + s. Let c(m) = -m + 3. Let x be c(6). List the prime factors of f(x).
2, 3
Suppose 4*d = 3*d + 33. What are the prime factors of d?
3, 11
Suppose 2*j - 25 = 5*f, -f - f = 4*j - 14. Suppose 0 = 3*r + j*h + 3, -6*r + 2*r = -4*h - 28. List the prime factors of r.
2
Suppose y - 2*y + 7 = 0. Let o(u) = -u**2 + 9*u - 7. List the prime factors of o(y).
7
Let k(d) be the first derivative of 8*d + 1/2*d**2 + 1. List the prime factors of k(6).
2, 7
Suppose 99*q + 708 = 102*q. What are the prime factors of q?
2, 59
Let c = -115 + 272. List the prime factors of c.
157
Let w be (40/15)/(6/(-45)). List the prime factors of (-8 - w)*2/3.
2
Suppose -6*m + p = -3*m - 12, 4*p + 12 = 0. Suppose -3*r - 4*c + 93 = 0, -c - m*c = -r + 47. What are the prime factors of r?
5, 7
Suppose -421 = -6*x + 185. What are the prime factors of x?
101
Suppose 5*a = 3*c - 792, a - 1 + 4 = 0. List the prime factors of c.
7, 37
Let k be (-3)/9 - 31/(-3). Suppose 5*i + 5*q = -k, 5*i - 30 = -q + 4*q. Suppose t - 12 = -d, 15 + 25 = i*t + d. List the prime factors of t.
2, 7
Let i(n) = -n**2 - 24*n - 43. What are the prime factors of i(-19)?
2, 13
Suppose 0 = -u + 23 + 32. List the prime factors of u.
5, 11
Suppose -40 = -6*m + m. Let v = -18 + m. Let c = 20 + v. What are the prime factors of c?
2, 5
Suppose 0 = 5*i - 5, 2*t - 13 = -2*i + i. Let g be (-43)/9 + t/(-27). What are the prime factors of 2/(-5) - 52/g?
2, 5
Suppose -2*m - 10 = -q, -3*m + 2 - 23 = -2*q. What are the prime factors of q?
2, 3
Let a = 14 + -10. Suppose -7*h = -a*h - 39. What are the prime factors of h?
13
Suppose 513 - 128 = 5*a. What are the prime factors of a?
7, 11
Let t be ((-4)/8)/((-1)/4). Let l = 15 - t. List the prime factors of l.
13
Suppose 2*s = -4*h - 28, -2*s - 3 = -3*h + 4. What are the prime factors of s/36 - (-256)/18?
2, 7
What are the prime factors of -2*((-620)/(-8))/(-5)?
31
Let f(a) = 8*a - 19. List the prime factors of f(11).
3, 23
Suppose -2*l + 28 = -l. Let k = 69 - l. List the prime factors of k.
41
Suppose -20 = 4*v + 4*b, 3*b - 27 = 6*v - 2*v. What are the prime factors of v/10 + 915/25?
2, 3
Suppose -4*s + 4 = -3*x - x, 4*x = 3*s. Suppose x*a - 4*p = -2*a + 24, -a = -p - 5. What are the prime factors of a?
2
Let p(a) = -a + 4. What are the prime factors of p(-7)?
11
Let n(z) = z**3 - 16*z**2 - 15*z - 13. List the prime factors of n(17).
3, 7
Let m be 5/10*(-8)/(-2). Suppose -m*r + 19 = -1. What are the prime factors of r?
2, 5
Let p(h) = -h**2 + 2*h + 15. Let k(q) = -2*q**2 + 5*q + 29. Let x(o) = -3*k(o) + 5*p(o). What are the prime factors of x(10)?
2, 19
Let k(u) be the second derivative of u**6/720 - u**5/120 + u**4/12 - u. Let i(o) be the third derivative of k(o). What are the prime factors of i(5)?
2
Suppose 8*n = 6*n + 22. Suppose -b = -n + 2. What are the prime factors of b?
3
Let r(d) = -15*d**2 - 13*d - 6. Let t(h) = -7*h**2 - 6*h - 3. Let 